{"id":53,"date":"2022-05-26T09:06:42","date_gmt":"2022-05-26T07:06:42","guid":{"rendered":"http:\/\/www.lalocloiserie.ch\/?page_id=53"},"modified":"2023-02-15T05:05:20","modified_gmt":"2023-02-15T04:05:20","slug":"nos-valeurs","status":"publish","type":"page","link":"https:\/\/www.lalocloiserie.ch\/index.php\/nos-valeurs\/","title":{"rendered":"Nos Valeurs"},"content":{"rendered":"\n<p class=\"has-medium-font-size\">Tenus \u00e0 une stricte neutralit\u00e9 politique et confessionnelle, il nous est cependant agr\u00e9able de poser quelques termes dont la r\u00e9sonance nous rend confortables et joyeux. Sans forc\u00e9ment \u00e9noncer un programme pr\u00e9cis, ces mots fonctionnent pour nous comme des boussoles. Ils nous inspirent un sens, des objectifs et des modalit\u00e9s de fonctionnement.<\/p>\n\n\n\n<div style=\"height:100px\" aria-hidden=\"true\" class=\"wp-block-spacer\"><\/div>\n\n\n\n<figure class=\"wp-block-image size-large is-resized\"><img loading=\"lazy\" decoding=\"async\" src=\"https:\/\/lalocloiserie.files.wordpress.com\/2021\/02\/illustration-nos-valeurs-2-1.jpg?w=760\" alt=\"\" class=\"wp-image-668\" width=\"841\" height=\"414\"\/><\/figure>\n\n\n\n<div style=\"height:100px\" aria-hidden=\"true\" class=\"wp-block-spacer\"><\/div>\n\n\n\n<p class=\"has-medium-font-size\">Nous cultiverons notre sourire tant que notre projet peut humblement contribuer ou fournir un outil au plaisir du vivre ensemble et au go\u00fbt des choses.<\/p>\n","protected":false},"excerpt":{"rendered":"<p>Tenus \u00e0 une stricte neutralit\u00e9 politique et confessionnelle, il nous est cependant agr\u00e9able de poser quelques termes dont la r\u00e9sonance nous rend confortables et joyeux. Sans forc\u00e9ment \u00e9noncer un programme pr\u00e9cis, ces mots fonctionnent pour nous comme des boussoles. Ils nous inspirent un sens, des&nbsp;<a class=\"read-more\" href=\"https:\/\/www.lalocloiserie.ch\/index.php\/nos-valeurs\/\">lire plus<\/a><\/p>\n","protected":false},"author":1,"featured_media":0,"parent":0,"menu_order":0,"comment_status":"closed","ping_status":"closed","template":"","meta":{"footnotes":""},"class_list":["post-53","page","type-page","status-publish","hentry"],"_links":{"self":[{"href":"https:\/\/www.lalocloiserie.ch\/index.php\/wp-json\/wp\/v2\/pages\/53","targetHints":{"allow":["GET"]}}],"collection":[{"href":"https:\/\/www.lalocloiserie.ch\/index.php\/wp-json\/wp\/v2\/pages"}],"about":[{"href":"https:\/\/www.lalocloiserie.ch\/index.php\/wp-json\/wp\/v2\/types\/page"}],"author":[{"embeddable":true,"href":"https:\/\/www.lalocloiserie.ch\/index.php\/wp-json\/wp\/v2\/users\/1"}],"replies":[{"embeddable":true,"href":"https:\/\/www.lalocloiserie.ch\/index.php\/wp-json\/wp\/v2\/comments?post=53"}],"version-history":[{"count":4,"href":"https:\/\/www.lalocloiserie.ch\/index.php\/wp-json\/wp\/v2\/pages\/53\/revisions"}],"predecessor-version":[{"id":208,"href":"https:\/\/www.lalocloiserie.ch\/index.php\/wp-json\/wp\/v2\/pages\/53\/revisions\/208"}],"wp:attachment":[{"href":"https:\/\/www.lalocloiserie.ch\/index.php\/wp-json\/wp\/v2\/media?parent=53"}],"curies":[{"name":"wp","href":"https:\/\/api.w.org\/{rel}","templated":true}]}}